tor of 499909 and 83.
83
Calculate the highest common factor of 9 and 971241.
3
Calculate the highest common factor of 101913 and 63511.
1477
What is the greatest common factor of 48192 and 672?
96
Calculate the highest common divisor of 546 and 1806.
42
Calculate the highest common factor of 3915 and 15.
15
Calculate the highest common divisor of 3933 and 1899.
9
Calculate the greatest common factor of 14460 and 876.
12
Calculate the greatest common divisor of 451407 and 22.
11
What is the highest common factor of 44020 and 465?
155
Calculate the greatest common factor of 14 and 116354.
14
Calculate the greatest common divisor of 2437138 and 22.
22
Calculate the highest common divisor of 18544 and 102480.
976
What is the greatest common factor of 22473 and 2244?
33
What is the greatest common factor of 5978 and 4438?
14
Calculate the greatest common factor of 624 and 68107.
13
Calculate the greatest common factor of 8879 and 169.
13
Calculate the greatest common divisor of 70 and 89906.
2
Calculate the greatest common divisor of 32 and 1576.
8
Calculate the greatest common divisor of 750 and 1937850.
150
What is the greatest common factor of 68956 and 96?
4
What is the greatest common divisor of 344 and 13400?
8
Calculate the highest common divisor of 408029 and 1037.
61
What is the highest common factor of 129 and 97962?
3
Calculate the highest common divisor of 15984 and 5616.
432
What is the greatest common divisor of 1242 and 16560?
414
What is the greatest common divisor of 1451033 and 113?
113
Calculate the highest common factor of 167900 and 5980.
460
What is the highest common factor of 110610 and 40?
10
What is the highest common divisor of 77 and 22981?
7
Calculate the highest common factor of 18 and 18683910.
18
Calculate the highest common factor of 4582754 and 11.
11
Calculate the highest common divisor of 24491 and 1201348.
1289
Calculate the highest common divisor of 79848 and 32.
8
What is the greatest common divisor of 2933 and 35?
7
Calculate the highest common divisor of 5760 and 224.
32
What is the highest common factor of 2400 and 1812?
12
What is the greatest common factor of 1536 and 780?
12
Calculate the highest common factor of 3591 and 380.
19
Calculate the highest common factor of 10024 and 250958.
358
Calculate the highest common divisor of 8496 and 14337.
531
Calculate the greatest common factor of 616 and 8393.
77
What is the greatest common factor of 804900 and 60?
60
Calculate the greatest common factor of 386074 and 403.
403
Calculate the highest common factor of 670020 and 3120.
780
Calculate the highest common factor of 8 and 16424.
8
Calculate the greatest common factor of 118063 and 11.
11
What is the highest common divisor of 3130 and 30?
10
Calculate the greatest common factor of 37823 and 218.
109
What is the highest common divisor of 28 and 7543438?
14
Calculate the highest common divisor of 90 and 16035.
15
Calculate the highest common factor of 1660 and 1420.
20
Calculate the greatest common factor of 33186 and 48.
6
What is the highest common divisor of 4608 and 359808?
384
What is the greatest common divisor of 60544 and 9202?
86
What is the greatest common factor of 16 and 239504?
16
What is the highest common factor of 210 and 445886?
14
Calculate the greatest common divisor of 28 and 9547.
1
What is the highest common factor of 580 and 254620?
580
What is the greatest common divisor of 648365 and 235?
235
Calculate the highest common divisor of 514788 and 30.
6
What is the greatest common divisor of 11 and 3839?
11
What is the highest common divisor of 1364 and 372?
124
Calculate the highest common divisor of 468 and 26046.
18
What is the highest common factor of 14 and 97531?
7
Calculate the greatest common divisor of 16488 and 324.
36
What is the highest common factor of 25 and 6030075?
25
Calculate the greatest common factor of 378 and 3290.
14
Calculate the greatest common divisor of 54 and 48096.
18
Calculate the highest common divisor of 93 and 2199.
3
Calculate the highest common divisor of 12 and 2960.
4
Calculate the highest common factor of 989 and 16727.
43
Calculate the highest common divisor of 789880 and 728.
728
What is the highest common divisor of 77112 and 28?
28
What is the highest common divisor of 2728 and 32488?
248
What is the greatest common factor of 79916 and 4?
4
What is the highest common factor of 32177 and 299?
23
What is the highest common divisor of 187932 and 72?
12
What is the highest common factor of 579 and 1842?
3
What is the highest common divisor of 1113 and 71868?
159
Calculate the highest common divisor of 1527321 and 14928.
933
Calculate the highest common divisor of 176 and 319528.
88
Calculate the greatest common factor of 638921 and 9448.
1181
What is the greatest common factor of 192770 and 370?
370
Calculate the highest common divisor of 260183 and 1364.
341
Calculate the highest common divisor of 123570 and 270.
90
What is the greatest common divisor of 250 and 4774?
2
Calculate the highest common factor of 2015169 and 1.
1
What is the greatest common factor of 27 and 8469?
9
What is the greatest common factor of 1323 and 196?
49
Calculate the greatest common divisor of 28 and 68054.
14
What is the greatest common divisor of 756 and 324?
108
Calculate the greatest common factor of 87647 and 133.
133
What is the highest common factor of 60720 and 231?
33
Calculate the greatest common divisor of 6844 and 40484.
116
Calculate the greatest common divisor of 572 and 14443.
143
Calculate the highest common divisor of 47587 and 92.
23
What is the greatest common factor of 11742 and 15450?
618
What is the highest common divisor of 116768 and 984?
328
Calculate the greatest common factor of 45603 and 405.
81
What is the highest common factor of 81469 and 634?
317
What is the highest common factor of 4 and 23064?
4
What is the greatest common factor of 112840 and 420?
140
Calculate the greatest common factor of 1116 and 2502.
18
What is the highest common divisor of 36210 and 6?
6
What is the greatest common factor of 84 and 19254?
6
What is the greatest common factor of 1827 and 15351?
21
Calculate the highest common factor of 3174 and 390.
6
Calculate the highest common factor of 3 and 20973.
3
What is the greatest common divisor of 1116 and 312852?
372
Calculate the highest common divisor of 1270 and 376174.
254
Calculate the highest common factor of 378196 and 104.
52
Calculate the highest common factor of 10632 and 24.
24
Calculate the highest common factor of 374612 and 1156.
68
Calculate the greatest common divisor of 43614 and 342.
18
What is the greatest common factor of 36 and 841626?
18
Calculate the greatest common factor of 154080 and 288.
288
What is the greatest common factor of 4915 and 10?
5
Calculate the highest common factor of 145707 and 51.
51
Calculate the greatest common divisor of 402 and 1866.
6
Calculate the highest common divisor of 18699 and 483.
69
What is the greatest common divisor of 102 and 7599?
51
What is the highest common factor of 21665 and 905?
5
Calculate the highest common divisor of 10657037 and 311.
311
What is the greatest common factor of 502 and 6275?
251
Calculate the greatest common divisor of 854160 and 3120.
240
Calculate the greatest common divisor of 2294 and 736448.
74
Calculate the highest common factor of 603 and 5993820.
603
What is the greatest common factor of 35595 and 345?
15
What is the highest common divisor of 7 and 2317?
7
Calculate the highest common factor of 7 and 102473.
7
Calculate the highest common factor of 9453 and 2369.
23
Calculate the highest common factor of 264 and 8580.
132
What is the highest common divisor of 140 and 2055235?
35
What is the greatest common divisor of 270 and 2578590?
90
What is the highest common divisor of 11 and 319?
11
What is the greatest common divisor of 55 and 9053?
11
What is the greatest common divisor of 211584 and 912?
912
What is the highest common factor of 92200 and 200?
200
Calculate the greatest common divisor of 490 and 103145.
245
What is the greatest common factor of 4994 and 21338?
454
What is the highest common divisor of 2509 and 47021?
13
What is the highest common factor of 6872 and 1360?
8
Calculate the greatest common divisor of 94